{"id":101,"date":"2021-03-18T04:47:52","date_gmt":"2021-03-18T03:47:52","guid":{"rendered":"https:\/\/boxmusic.com.pl\/?page_id=101"},"modified":"2021-03-18T08:05:53","modified_gmt":"2021-03-18T07:05:53","slug":"stach-2","status":"publish","type":"page","link":"https:\/\/boxmusic.com.pl\/index.php\/artysci\/stach-2\/","title":{"rendered":"Stach"},"content":{"rendered":"\n<p>Stach \u2013 czyli Stanis\u0142aw Kittel jest wokalist\u0105 i kompozytorem. Od wielu lat mieszka w Niemczech, niemniej pochodzi z Rudy \u015al\u0105skiej. Z muzyk\u0105 zwi\u0105zany jest ju\u017c od dzieci\u0144stwa. Stach wyda\u0142 ju\u017c 3 przebojowe p\u0142yty, na kt\u00f3rych znalaz\u0142y si\u0119 liczne hity. Piosenki Stacha s\u0105 utrzymane w r\u00f3\u017cnych klimatach, ale przewa\u017caj\u0105 bardzo optymistyczne, taneczne i wakacyjne utwory. Jego piosenki \u015bwietnie radz\u0105 sobie w radiowych i telewizyjnych listach przeboj\u00f3w. Do najwi\u0119kszych hit\u00f3w Stacha nale\u017cy niew\u0105tpliwie piosenka <em>Czy anio\u0142y maj\u0105 rogi<\/em>, w\u015br\u00f3d innych przeboj\u00f3w mo\u017cna wymieni\u0107: <em>Adios Mallorca<\/em>, <em>Zawsze gdzie\u015b jest lato<\/em>, <em>Bo jo kochom Cie tajemnie<\/em>, <em>Seniorito, seniorito<\/em>, <em>\u015alonsko maj\u00f3wka<\/em> i wiele, wiele innych.<\/p>\n\n\n\n<figure class=\"wp-block-image size-large\"><img loading=\"lazy\" decoding=\"async\" width=\"960\" height=\"640\" src=\"https:\/\/boxmusic.com.pl\/wp-content\/uploads\/2021\/03\/stach.jpg\" alt=\"\" class=\"wp-image-78\" srcset=\"https:\/\/boxmusic.com.pl\/wp-content\/uploads\/2021\/03\/stach.jpg 960w, https:\/\/boxmusic.com.pl\/wp-content\/uploads\/2021\/03\/stach-300x200.jpg 300w, https:\/\/boxmusic.com.pl\/wp-content\/uploads\/2021\/03\/stach-768x512.jpg 768w, https:\/\/boxmusic.com.pl\/wp-content\/uploads\/2021\/03\/stach-24x16.jpg 24w, https:\/\/boxmusic.com.pl\/wp-content\/uploads\/2021\/03\/stach-36x24.jpg 36w, https:\/\/boxmusic.com.pl\/wp-content\/uploads\/2021\/03\/stach-48x32.jpg 48w\" sizes=\"auto, (max-width: 960px) 100vw, 960px\" \/><\/figure>\n\n\n\n<p>Najnowsza p\u0142yta Stacha ukaza\u0142a si\u0119 w czerwcu 2017 roku i zatytu\u0142owana jest <em>Lata czar<\/em>. Znalaz\u0142y si\u0119 na niej zar\u00f3wno rewelacyjne szlagiery, jak te\u017c piosenki w stylu tzw. hanys-disco (kt\u00f3rego Stach jest pomys\u0142odawc\u0105), cho\u0107 mi\u0142o\u015bnicy romantycznych ballad te\u017c znajd\u0105 na kr\u0105\u017cku co\u015b dla siebie. Dodatkow\u0105 atrakcj\u0105 na kr\u0105\u017cku s\u0105 a\u017c 2 piosenki za\u015bpiewane w duecie \u2013 pierwsza z nich (<em>Puk, puk<\/em>) wykonana ze \u015bwietn\u0105 mezzosopranistk\u0105 Beat\u0105 Ma\u0144kowsk\u0105, druga wraz z popularnym i lubianym wokalist\u0105 Chrisem Oxforduo (<em>Na dwie gitary<\/em>). Na kr\u0105\u017cku znajdziemy te\u017c m.in. przeboje: <em>Letnia mi\u0142o\u015b\u0107<\/em>, <em>Adios Mallorca<\/em>, <em>Irena, Irena<\/em>.<\/p>\n","protected":false},"excerpt":{"rendered":"<p>Stach \u2013 czyli Stanis\u0142aw Kittel jest wokalist\u0105 i kompozytorem. Od wielu lat mieszka w Niemczech, niemniej pochodzi z Rudy \u015al\u0105skiej. &hellip; <a href=\"https:\/\/boxmusic.com.pl\/index.php\/artysci\/stach-2\/\" class=\"more-link\"><span class=\"more-button\">Czytaj dalej<span class=\"screen-reader-text\">Stach<\/span><\/span><\/a><\/p>\n","protected":false},"author":3,"featured_media":78,"parent":55,"menu_order":0,"comment_status":"closed","ping_status":"closed","template":"templates\/template-cover.php","meta":{"footnotes":""},"class_list":["post-101","page","type-page","status-publish","has-post-thumbnail","hentry"],"_links":{"self":[{"href":"https:\/\/boxmusic.com.pl\/index.php\/wp-json\/wp\/v2\/pages\/101","targetHints":{"allow":["GET"]}}],"collection":[{"href":"https:\/\/boxmusic.com.pl\/index.php\/wp-json\/wp\/v2\/pages"}],"about":[{"href":"https:\/\/boxmusic.com.pl\/index.php\/wp-json\/wp\/v2\/types\/page"}],"author":[{"embeddable":true,"href":"https:\/\/boxmusic.com.pl\/index.php\/wp-json\/wp\/v2\/users\/3"}],"replies":[{"embeddable":true,"href":"https:\/\/boxmusic.com.pl\/index.php\/wp-json\/wp\/v2\/comments?post=101"}],"version-history":[{"count":2,"href":"https:\/\/boxmusic.com.pl\/index.php\/wp-json\/wp\/v2\/pages\/101\/revisions"}],"predecessor-version":[{"id":223,"href":"https:\/\/boxmusic.com.pl\/index.php\/wp-json\/wp\/v2\/pages\/101\/revisions\/223"}],"up":[{"embeddable":true,"href":"https:\/\/boxmusic.com.pl\/index.php\/wp-json\/wp\/v2\/pages\/55"}],"wp:featuredmedia":[{"embeddable":true,"href":"https:\/\/boxmusic.com.pl\/index.php\/wp-json\/wp\/v2\/media\/78"}],"wp:attachment":[{"href":"https:\/\/boxmusic.com.pl\/index.php\/wp-json\/wp\/v2\/media?parent=101"}],"curies":[{"name":"wp","href":"https:\/\/api.w.org\/{rel}","templated":true}]}}