{"id":103,"date":"2021-03-18T04:52:51","date_gmt":"2021-03-18T03:52:51","guid":{"rendered":"https:\/\/boxmusic.com.pl\/?page_id=103"},"modified":"2021-03-25T04:43:48","modified_gmt":"2021-03-25T03:43:48","slug":"weronika","status":"publish","type":"page","link":"https:\/\/boxmusic.com.pl\/index.php\/artysci\/weronika\/","title":{"rendered":"Weronika"},"content":{"rendered":"\n<div class=\"wp-block-image\"><figure class=\"aligncenter size-large is-resized\"><img loading=\"lazy\" decoding=\"async\" src=\"https:\/\/boxmusic.com.pl\/wp-content\/uploads\/2021\/03\/D3S_9082_-Kopia.jpg\" alt=\"\" class=\"wp-image-63\" width=\"607\" height=\"404\" srcset=\"https:\/\/boxmusic.com.pl\/wp-content\/uploads\/2021\/03\/D3S_9082_-Kopia.jpg 1024w, https:\/\/boxmusic.com.pl\/wp-content\/uploads\/2021\/03\/D3S_9082_-Kopia-300x200.jpg 300w, https:\/\/boxmusic.com.pl\/wp-content\/uploads\/2021\/03\/D3S_9082_-Kopia-768x512.jpg 768w, https:\/\/boxmusic.com.pl\/wp-content\/uploads\/2021\/03\/D3S_9082_-Kopia-24x16.jpg 24w, https:\/\/boxmusic.com.pl\/wp-content\/uploads\/2021\/03\/D3S_9082_-Kopia-36x24.jpg 36w, https:\/\/boxmusic.com.pl\/wp-content\/uploads\/2021\/03\/D3S_9082_-Kopia-48x32.jpg 48w\" sizes=\"auto, (max-width: 607px) 100vw, 607px\" \/><\/figure><\/div>\n\n\n\n<p>M\u0142oda, niezwykle utalentowana wokalistka oraz autorka tekst\u00f3w. Sw\u00f3j debiutancki kr\u0105\u017cek wyda\u0142a w 2017 roku. Cho\u0107 na scenie muzycznej debiutowa\u0142a stosunkowo niedawno, bardzo szybko podbi\u0142a serca s\u0142uchaczy. Weronika pochodzi z Rudy \u015al\u0105skiej. Od dzieci\u0144stwa kocha\u0142a muzyk\u0119, sw\u00f3j sceniczny debiut mia\u0142a w 2016 roku. Wokalistka debiutowa\u0142a przebojowymi piosenkami <em>S\u0142owa to s\u0142owa<\/em> oraz <em>Dom na Wyspie Serc<\/em>. Obecnie Weronika pr\u00f3buje swoich si\u0142 zar\u00f3wno na rodzimej scenie muzycznej, jak te\u017c w klimatach disco-polo.<\/p>\n\n\n\n<figure class=\"wp-block-image size-large\"><img loading=\"lazy\" decoding=\"async\" width=\"683\" height=\"1024\" src=\"https:\/\/boxmusic.com.pl\/wp-content\/uploads\/2021\/03\/D3S_9455_-683x1024.jpg\" alt=\"\" class=\"wp-image-104\" srcset=\"https:\/\/boxmusic.com.pl\/wp-content\/uploads\/2021\/03\/D3S_9455_-683x1024.jpg 683w, https:\/\/boxmusic.com.pl\/wp-content\/uploads\/2021\/03\/D3S_9455_-200x300.jpg 200w, https:\/\/boxmusic.com.pl\/wp-content\/uploads\/2021\/03\/D3S_9455_-768x1152.jpg 768w, https:\/\/boxmusic.com.pl\/wp-content\/uploads\/2021\/03\/D3S_9455_-1024x1536.jpg 1024w, https:\/\/boxmusic.com.pl\/wp-content\/uploads\/2021\/03\/D3S_9455_-1365x2048.jpg 1365w, https:\/\/boxmusic.com.pl\/wp-content\/uploads\/2021\/03\/D3S_9455_-1200x1800.jpg 1200w, https:\/\/boxmusic.com.pl\/wp-content\/uploads\/2021\/03\/D3S_9455_-scaled.jpg 1707w\" sizes=\"auto, (max-width: 683px) 100vw, 683px\" \/><\/figure>\n\n\n\n<p>Debiutancki kr\u0105\u017cek, zatytu\u0142owany <em>Id\u0119<\/em> ukaza\u0142 si\u0119 w marcu 2017 roku. P\u0142yta utrzymana jest w r\u00f3\u017cnorodnych klimatach muzycznych \u2013 znajdziemy na niej romantyczne ballady, bardzo taneczne brzmienia utrzymane w stylu muzyki dance, czy hit\u00f3w lat 80\u2019, nie zabrak\u0142o te\u017c piosenek w bardziej szlagierowym stylu. Weronika jest autork\u0105 sporej cz\u0119\u015bci tekst\u00f3w na swojej debiutanckiej p\u0142ycie, a nawet kompozytork\u0105 muzyki do jednej z piosenek. Utwory m\u0142odej artystki opowiadaj\u0105&nbsp; o mi\u0142o\u015bci, \u017cyciu i pod\u0105\u017caniu za marzeniami. Znajdziemy tutaj takie przeboje, jak <em>Wi\u0119c jeszcze raz<\/em>, <em>Id\u0119<\/em>, <em>Dom na wyspie serc<\/em>, <em>Totalny luz<\/em> i wiele innych.<\/p>\n","protected":false},"excerpt":{"rendered":"<p>M\u0142oda, niezwykle utalentowana wokalistka oraz autorka tekst\u00f3w. Sw\u00f3j debiutancki kr\u0105\u017cek wyda\u0142a w 2017 roku. Cho\u0107 na scenie muzycznej debiutowa\u0142a stosunkowo &hellip; <a href=\"https:\/\/boxmusic.com.pl\/index.php\/artysci\/weronika\/\" class=\"more-link\"><span class=\"more-button\">Czytaj dalej<span class=\"screen-reader-text\">Weronika<\/span><\/span><\/a><\/p>\n","protected":false},"author":3,"featured_media":63,"parent":55,"menu_order":0,"comment_status":"closed","ping_status":"closed","template":"","meta":{"footnotes":""},"class_list":["post-103","page","type-page","status-publish","has-post-thumbnail","hentry"],"_links":{"self":[{"href":"https:\/\/boxmusic.com.pl\/index.php\/wp-json\/wp\/v2\/pages\/103","targetHints":{"allow":["GET"]}}],"collection":[{"href":"https:\/\/boxmusic.com.pl\/index.php\/wp-json\/wp\/v2\/pages"}],"about":[{"href":"https:\/\/boxmusic.com.pl\/index.php\/wp-json\/wp\/v2\/types\/page"}],"author":[{"embeddable":true,"href":"https:\/\/boxmusic.com.pl\/index.php\/wp-json\/wp\/v2\/users\/3"}],"replies":[{"embeddable":true,"href":"https:\/\/boxmusic.com.pl\/index.php\/wp-json\/wp\/v2\/comments?post=103"}],"version-history":[{"count":3,"href":"https:\/\/boxmusic.com.pl\/index.php\/wp-json\/wp\/v2\/pages\/103\/revisions"}],"predecessor-version":[{"id":527,"href":"https:\/\/boxmusic.com.pl\/index.php\/wp-json\/wp\/v2\/pages\/103\/revisions\/527"}],"up":[{"embeddable":true,"href":"https:\/\/boxmusic.com.pl\/index.php\/wp-json\/wp\/v2\/pages\/55"}],"wp:featuredmedia":[{"embeddable":true,"href":"https:\/\/boxmusic.com.pl\/index.php\/wp-json\/wp\/v2\/media\/63"}],"wp:attachment":[{"href":"https:\/\/boxmusic.com.pl\/index.php\/wp-json\/wp\/v2\/media?parent=103"}],"curies":[{"name":"wp","href":"https:\/\/api.w.org\/{rel}","templated":true}]}}