{"id":128,"date":"2021-03-18T05:23:15","date_gmt":"2021-03-18T04:23:15","guid":{"rendered":"https:\/\/boxmusic.com.pl\/?page_id=128"},"modified":"2021-03-25T04:46:12","modified_gmt":"2021-03-25T03:46:12","slug":"oxforduo","status":"publish","type":"page","link":"https:\/\/boxmusic.com.pl\/index.php\/artysci\/oxforduo\/","title":{"rendered":"Oxforduo"},"content":{"rendered":"\n<p>Projekt muzyczny z wieloletni\u0105 histori\u0105. Za\u0142o\u017cycielem, pomys\u0142odawc\u0105 i liderem jest Chris, kt\u00f3ry pochodzi z Tych\u00f3w. Sympatyczny Wokalista od lat mieszka w Niemczech, niemniej cz\u0119sto zagl\u0105da w ojczyste strony. Od kilku lat Chris \u015bpiewa w duecie ze \u015bwietn\u0105 wokalistk\u0105 Mart\u0105 Hawrot.<\/p>\n\n\n\n<p>Oxforduo ma na koncie 2 rewelacyjne, \u015bwietnie przyj\u0119te p\u0142yty \u2013 obie ukaza\u0142y si\u0119 nak\u0142adem Wydawnictwa Box Music. Piosenki Duetu utrzymane s\u0105 w r\u00f3\u017cnych klimatach muzycznych \u2013 pop, szlagiery, muzyka taneczna, nieco klimat\u00f3w biesiadnych oraz wiele nastrojowych ballad. Zesp\u00f3\u0142 z powodzeniem koncertuje zar\u00f3wno w Polsce, jak te\u017c w Niemczech. Oxforduo od pocz\u0105tku swej medialnej kariery cieszy si\u0119 ogromn\u0105 popularno\u015bci\u0105. W\u015br\u00f3d najwi\u0119kszych przeboj\u00f3w wymieni\u0107 mo\u017cna m.in..: <em>Przyjaciel to skarb<\/em>, <em>Wszyscy razem tu s\u0105<\/em>, <em>Gorzko-s\u0142odka mi\u0142o\u015b\u0107<\/em>, <em>Stary zygor mom<\/em>, <em>Nie m\u00f3w, \u017ce wszystko sko\u0144czone<\/em>, <em>\u015al\u0105zok na dachu<\/em>,&nbsp; <em>Hop siup<\/em>, N<em>ie chc\u0119 mie\u0107 wiele dla siebie<\/em>, <em>Jaka cudowna ta noc<\/em>, <em>Beznadziejna mi\u0142o\u015b\u0107<\/em>, <em>Dziewczyno, dziewczyno<\/em>, <em>Ojczysta ziemia to chleb i s\u00f3l<\/em>.<\/p>\n\n\n\n<figure class=\"wp-block-image size-large\"><img loading=\"lazy\" decoding=\"async\" width=\"683\" height=\"1024\" src=\"https:\/\/boxmusic.com.pl\/wp-content\/uploads\/2021\/03\/Chris-Oxforduo-683x1024.jpg\" alt=\"\" class=\"wp-image-79\" srcset=\"https:\/\/boxmusic.com.pl\/wp-content\/uploads\/2021\/03\/Chris-Oxforduo-683x1024.jpg 683w, https:\/\/boxmusic.com.pl\/wp-content\/uploads\/2021\/03\/Chris-Oxforduo-200x300.jpg 200w, https:\/\/boxmusic.com.pl\/wp-content\/uploads\/2021\/03\/Chris-Oxforduo-768x1151.jpg 768w, https:\/\/boxmusic.com.pl\/wp-content\/uploads\/2021\/03\/Chris-Oxforduo-1025x1536.jpg 1025w, https:\/\/boxmusic.com.pl\/wp-content\/uploads\/2021\/03\/Chris-Oxforduo-scaled.jpg 1709w\" sizes=\"auto, (max-width: 683px) 100vw, 683px\" \/><\/figure>\n\n\n\n<p>Druga p\u0142yta Oxforduo (w\u0142a\u015bciwie solowa p\u0142yta Chrisa) \u2013 <em>Wo\u0142anie przez wiatr<\/em>, ukaza\u0142a si\u0119 w 2015 roku nak\u0142adem naszego Wydawnictwa. P\u0142yta utrzymana jest w bardzo r\u00f3\u017cnych klimatach muzycznych (szlagiery, biesiada, dance, ballady). Tekstami zaj\u0105\u0142 si\u0119 Edek Sikora.<\/p>\n\n\n\n<div class=\"wp-block-image\"><figure class=\"aligncenter size-large is-resized\"><img loading=\"lazy\" decoding=\"async\" src=\"https:\/\/boxmusic.com.pl\/wp-content\/uploads\/2021\/03\/oxforduo.jpg\" alt=\"\" class=\"wp-image-130\" width=\"260\" height=\"390\" srcset=\"https:\/\/boxmusic.com.pl\/wp-content\/uploads\/2021\/03\/oxforduo.jpg 683w, https:\/\/boxmusic.com.pl\/wp-content\/uploads\/2021\/03\/oxforduo-200x300.jpg 200w, https:\/\/boxmusic.com.pl\/wp-content\/uploads\/2021\/03\/oxforduo-16x24.jpg 16w, https:\/\/boxmusic.com.pl\/wp-content\/uploads\/2021\/03\/oxforduo-24x36.jpg 24w, https:\/\/boxmusic.com.pl\/wp-content\/uploads\/2021\/03\/oxforduo-32x48.jpg 32w\" sizes=\"auto, (max-width: 260px) 100vw, 260px\" \/><\/figure><\/div>\n","protected":false},"excerpt":{"rendered":"<p>Projekt muzyczny z wieloletni\u0105 histori\u0105. Za\u0142o\u017cycielem, pomys\u0142odawc\u0105 i liderem jest Chris, kt\u00f3ry pochodzi z Tych\u00f3w. Sympatyczny Wokalista od lat mieszka &hellip; <a href=\"https:\/\/boxmusic.com.pl\/index.php\/artysci\/oxforduo\/\" class=\"more-link\"><span class=\"more-button\">Czytaj dalej<span class=\"screen-reader-text\">Oxforduo<\/span><\/span><\/a><\/p>\n","protected":false},"author":3,"featured_media":130,"parent":55,"menu_order":0,"comment_status":"closed","ping_status":"closed","template":"","meta":{"footnotes":""},"class_list":["post-128","page","type-page","status-publish","has-post-thumbnail","hentry"],"_links":{"self":[{"href":"https:\/\/boxmusic.com.pl\/index.php\/wp-json\/wp\/v2\/pages\/128","targetHints":{"allow":["GET"]}}],"collection":[{"href":"https:\/\/boxmusic.com.pl\/index.php\/wp-json\/wp\/v2\/pages"}],"about":[{"href":"https:\/\/boxmusic.com.pl\/index.php\/wp-json\/wp\/v2\/types\/page"}],"author":[{"embeddable":true,"href":"https:\/\/boxmusic.com.pl\/index.php\/wp-json\/wp\/v2\/users\/3"}],"replies":[{"embeddable":true,"href":"https:\/\/boxmusic.com.pl\/index.php\/wp-json\/wp\/v2\/comments?post=128"}],"version-history":[{"count":4,"href":"https:\/\/boxmusic.com.pl\/index.php\/wp-json\/wp\/v2\/pages\/128\/revisions"}],"predecessor-version":[{"id":529,"href":"https:\/\/boxmusic.com.pl\/index.php\/wp-json\/wp\/v2\/pages\/128\/revisions\/529"}],"up":[{"embeddable":true,"href":"https:\/\/boxmusic.com.pl\/index.php\/wp-json\/wp\/v2\/pages\/55"}],"wp:featuredmedia":[{"embeddable":true,"href":"https:\/\/boxmusic.com.pl\/index.php\/wp-json\/wp\/v2\/media\/130"}],"wp:attachment":[{"href":"https:\/\/boxmusic.com.pl\/index.php\/wp-json\/wp\/v2\/media?parent=128"}],"curies":[{"name":"wp","href":"https:\/\/api.w.org\/{rel}","templated":true}]}}