{"id":144,"date":"2021-03-18T05:38:58","date_gmt":"2021-03-18T04:38:58","guid":{"rendered":"https:\/\/boxmusic.com.pl\/?page_id=144"},"modified":"2021-03-25T04:50:58","modified_gmt":"2021-03-25T03:50:58","slug":"damian-holecki","status":"publish","type":"page","link":"https:\/\/boxmusic.com.pl\/index.php\/artysci\/damian-holecki\/","title":{"rendered":"Damian Holecki"},"content":{"rendered":"\n<figure class=\"wp-block-image size-large\"><img loading=\"lazy\" decoding=\"async\" width=\"1024\" height=\"682\" src=\"https:\/\/boxmusic.com.pl\/wp-content\/uploads\/2021\/03\/STU_7445-1024x682.jpg\" alt=\"\" class=\"wp-image-531\" srcset=\"https:\/\/boxmusic.com.pl\/wp-content\/uploads\/2021\/03\/STU_7445-1024x682.jpg 1024w, https:\/\/boxmusic.com.pl\/wp-content\/uploads\/2021\/03\/STU_7445-300x200.jpg 300w, https:\/\/boxmusic.com.pl\/wp-content\/uploads\/2021\/03\/STU_7445-768x511.jpg 768w, https:\/\/boxmusic.com.pl\/wp-content\/uploads\/2021\/03\/STU_7445-1536x1023.jpg 1536w, https:\/\/boxmusic.com.pl\/wp-content\/uploads\/2021\/03\/STU_7445-2048x1364.jpg 2048w, https:\/\/boxmusic.com.pl\/wp-content\/uploads\/2021\/03\/STU_7445-990x660.jpg 990w, https:\/\/boxmusic.com.pl\/wp-content\/uploads\/2021\/03\/STU_7445-24x16.jpg 24w, https:\/\/boxmusic.com.pl\/wp-content\/uploads\/2021\/03\/STU_7445-36x24.jpg 36w, https:\/\/boxmusic.com.pl\/wp-content\/uploads\/2021\/03\/STU_7445-48x32.jpg 48w\" sizes=\"auto, (max-width: 1024px) 100vw, 1024px\" \/><\/figure>\n\n\n\n<p>Wokalista, kompozytor, instrumentalista, autor tekst\u00f3w. Pochodzi z Mys\u0142owic, studiowa\u0142 na Akademii Muzycznej w Katowicach. Zdecydowanie jeden z najpopularniejszych artyst\u00f3w pochodz\u0105cych ze \u015al\u0105ska. Na koncie ma ju\u017c kilkana\u015bcie p\u0142yt CD, z kt\u00f3rych 2 zdoby\u0142y ju\u017c status Z\u0142otych P\u0142yt (albumy <em>Z\u0142ote Przeboje<\/em> oraz <em>Po prostu dzi\u0119kuj\u0119<\/em>). Artysta jest te\u017c laureatem wielu innych nagr\u00f3d i wyr\u00f3\u017cnie\u0144. Wokalista jest kompozytorem zdecydowanej wi\u0119kszo\u015bci swoich piosenek. Utwory Damiana Holeckiego utrzymane s\u0105 w r\u00f3\u017cnych klimatach \u2013 od romantycznych ballad, poprzez muzyk\u0119 pop, dance, brzmienia z pogranicza muzyki operowej oraz oczywi\u015bcie szlagier\u00f3w. w\u015br\u00f3d najwi\u0119kszych przeboj\u00f3w Damiana Holeckiego wymieni\u0107 mo\u017cna: <em>Mamo dla Ciebie jestem<\/em>, <em>Z\u0142ote kasztany<\/em>, <em>Po prostu dzi\u0119kuj\u0119<\/em>, <em>Min\u0119\u0142o tyle lat<\/em>, <em>Ja szukam Ciebie<\/em>, <em>Ci\u0105gle id\u0119 sam<\/em>, <em>Idea\u0142 marze\u0144<\/em>, <em>Czerwone r\u00f3\u017ce<\/em>, <em>Kochaj mnie jak nikt<\/em> i wiele innych.<\/p>\n\n\n\n<div class=\"wp-block-image\"><figure class=\"aligncenter size-large is-resized\"><img loading=\"lazy\" decoding=\"async\" src=\"https:\/\/boxmusic.com.pl\/wp-content\/uploads\/2021\/03\/DH-682x1024.jpg\" alt=\"\" class=\"wp-image-24\" width=\"322\" height=\"483\" srcset=\"https:\/\/boxmusic.com.pl\/wp-content\/uploads\/2021\/03\/DH-682x1024.jpg 682w, https:\/\/boxmusic.com.pl\/wp-content\/uploads\/2021\/03\/DH-200x300.jpg 200w, https:\/\/boxmusic.com.pl\/wp-content\/uploads\/2021\/03\/DH-768x1153.jpg 768w, https:\/\/boxmusic.com.pl\/wp-content\/uploads\/2021\/03\/DH-1023x1536.jpg 1023w, https:\/\/boxmusic.com.pl\/wp-content\/uploads\/2021\/03\/DH-1364x2048.jpg 1364w, https:\/\/boxmusic.com.pl\/wp-content\/uploads\/2021\/03\/DH-1568x2355.jpg 1568w, https:\/\/boxmusic.com.pl\/wp-content\/uploads\/2021\/03\/DH-scaled.jpg 1705w\" sizes=\"auto, (max-width: 322px) 100vw, 322px\" \/><\/figure><\/div>\n\n\n\n<p>Najnowsza p\u0142yta Damiana Holeckiego ukaza\u0142a si\u0119 w 2016 roku. Zatytu\u0142owana jest Na zawsze razem. Utwory na kr\u0105\u017cku utrzymane s\u0105 g\u0142\u00f3wnie w popowych oraz szlagierowych klimatach, cho\u0107 nie brak te\u017c piosenek w innym stylu. Przewa\u017caj\u0105 tu utwory o mi\u0142o\u015bci. Damian Holecki jest kompozytorem wszystkich piosenek, autorem tekst\u00f3w jest natomiast g\u0142\u00f3wnie Edward Sikora oraz Bogdan Tyc. Znajdziemy tu m.in. takie przeboje, jak <em>Jeste\u015b moim Anio\u0142em<\/em>, <em>Ona i ja<\/em>, <em>Karolino<\/em>, <em>Na zawsze razem<\/em>, <em>Kochaj mnie albo rzu\u0107<\/em> czy <em>Tysi\u0105c czerwonych r\u00f3\u017c<\/em>.<\/p>\n","protected":false},"excerpt":{"rendered":"<p>Wokalista, kompozytor, instrumentalista, autor tekst\u00f3w. Pochodzi z Mys\u0142owic, studiowa\u0142 na Akademii Muzycznej w Katowicach. Zdecydowanie jeden z najpopularniejszych artyst\u00f3w pochodz\u0105cych &hellip; <a href=\"https:\/\/boxmusic.com.pl\/index.php\/artysci\/damian-holecki\/\" class=\"more-link\"><span class=\"more-button\">Czytaj dalej<span class=\"screen-reader-text\">Damian Holecki<\/span><\/span><\/a><\/p>\n","protected":false},"author":3,"featured_media":146,"parent":55,"menu_order":0,"comment_status":"closed","ping_status":"closed","template":"","meta":{"footnotes":""},"class_list":["post-144","page","type-page","status-publish","has-post-thumbnail","hentry"],"_links":{"self":[{"href":"https:\/\/boxmusic.com.pl\/index.php\/wp-json\/wp\/v2\/pages\/144","targetHints":{"allow":["GET"]}}],"collection":[{"href":"https:\/\/boxmusic.com.pl\/index.php\/wp-json\/wp\/v2\/pages"}],"about":[{"href":"https:\/\/boxmusic.com.pl\/index.php\/wp-json\/wp\/v2\/types\/page"}],"author":[{"embeddable":true,"href":"https:\/\/boxmusic.com.pl\/index.php\/wp-json\/wp\/v2\/users\/3"}],"replies":[{"embeddable":true,"href":"https:\/\/boxmusic.com.pl\/index.php\/wp-json\/wp\/v2\/comments?post=144"}],"version-history":[{"count":4,"href":"https:\/\/boxmusic.com.pl\/index.php\/wp-json\/wp\/v2\/pages\/144\/revisions"}],"predecessor-version":[{"id":532,"href":"https:\/\/boxmusic.com.pl\/index.php\/wp-json\/wp\/v2\/pages\/144\/revisions\/532"}],"up":[{"embeddable":true,"href":"https:\/\/boxmusic.com.pl\/index.php\/wp-json\/wp\/v2\/pages\/55"}],"wp:featuredmedia":[{"embeddable":true,"href":"https:\/\/boxmusic.com.pl\/index.php\/wp-json\/wp\/v2\/media\/146"}],"wp:attachment":[{"href":"https:\/\/boxmusic.com.pl\/index.php\/wp-json\/wp\/v2\/media?parent=144"}],"curies":[{"name":"wp","href":"https:\/\/api.w.org\/{rel}","templated":true}]}}