{"id":621,"date":"2021-04-07T05:03:19","date_gmt":"2021-04-07T03:03:19","guid":{"rendered":"https:\/\/boxmusic.com.pl\/?page_id=621"},"modified":"2021-04-13T00:59:48","modified_gmt":"2021-04-12T22:59:48","slug":"slaska-gala-biesiadna-2008","status":"publish","type":"page","link":"https:\/\/boxmusic.com.pl\/index.php\/slaska-gala-biesiadna-na-przestrzeni-lat\/slaska-gala-biesiadna-2008\/","title":{"rendered":"\u015al\u0105ska Gala Biesiadna 2008"},"content":{"rendered":"\n<p>\u015al\u0105ska Gala Biesiadna odby\u0142a si\u0119 w 2008 roku na deskach legendarnego Katowickiego Spodka. Koncert przyci\u0105gn\u0105\u0142 t\u0142umy amator\u00f3w brzmie\u0144 biesiadnych oraz szlagierowych. Imprez\u0119 poprowadzili Joanna Bartel i Krzysztof Hanke.<\/p>\n\n\n\n<p>Na scenie za\u015bpiewali Dariusz Niebudek, Mirek Szo\u0142tysek, Duo Bayers, Muzykanty, Szlagier Maszyna, Ri-Jo, Weso\u0142y Masorz, Baba z Chopym, Claudia Chwo\u0142ka, \u015al\u0105skie Szwagry, Kamraty, B.A.R., New For You, Karpowicz Family, Kabaret RAK, Przysieczanki, Metrum, HaNuta, Nasza Kapela, Proskauer Echo, Miros\u0142aw Szo\u0142tysek i Weso\u0142e Trio, Miros\u0142aw J\u0119drowski.<\/p>\n\n\n\n<div class=\"wp-block-image\"><figure class=\"aligncenter size-large\"><img loading=\"lazy\" decoding=\"async\" width=\"382\" height=\"513\" src=\"https:\/\/boxmusic.com.pl\/wp-content\/uploads\/2021\/04\/SGB-2008.jpg\" alt=\"\" class=\"wp-image-622\" srcset=\"https:\/\/boxmusic.com.pl\/wp-content\/uploads\/2021\/04\/SGB-2008.jpg 382w, https:\/\/boxmusic.com.pl\/wp-content\/uploads\/2021\/04\/SGB-2008-223x300.jpg 223w, https:\/\/boxmusic.com.pl\/wp-content\/uploads\/2021\/04\/SGB-2008-18x24.jpg 18w, https:\/\/boxmusic.com.pl\/wp-content\/uploads\/2021\/04\/SGB-2008-27x36.jpg 27w, https:\/\/boxmusic.com.pl\/wp-content\/uploads\/2021\/04\/SGB-2008-36x48.jpg 36w\" sizes=\"auto, (max-width: 382px) 100vw, 382px\" \/><\/figure><\/div>\n","protected":false},"excerpt":{"rendered":"<p>\u015al\u0105ska Gala Biesiadna odby\u0142a si\u0119 w 2008 roku na deskach legendarnego Katowickiego Spodka. Koncert przyci\u0105gn\u0105\u0142 t\u0142umy amator\u00f3w brzmie\u0144 biesiadnych oraz &hellip; <a href=\"https:\/\/boxmusic.com.pl\/index.php\/slaska-gala-biesiadna-na-przestrzeni-lat\/slaska-gala-biesiadna-2008\/\" class=\"more-link\"><span class=\"more-button\">Czytaj dalej<span class=\"screen-reader-text\">\u015al\u0105ska Gala Biesiadna 2008<\/span><\/span><\/a><\/p>\n","protected":false},"author":3,"featured_media":622,"parent":794,"menu_order":0,"comment_status":"closed","ping_status":"closed","template":"","meta":{"footnotes":""},"class_list":["post-621","page","type-page","status-publish","has-post-thumbnail","hentry"],"_links":{"self":[{"href":"https:\/\/boxmusic.com.pl\/index.php\/wp-json\/wp\/v2\/pages\/621","targetHints":{"allow":["GET"]}}],"collection":[{"href":"https:\/\/boxmusic.com.pl\/index.php\/wp-json\/wp\/v2\/pages"}],"about":[{"href":"https:\/\/boxmusic.com.pl\/index.php\/wp-json\/wp\/v2\/types\/page"}],"author":[{"embeddable":true,"href":"https:\/\/boxmusic.com.pl\/index.php\/wp-json\/wp\/v2\/users\/3"}],"replies":[{"embeddable":true,"href":"https:\/\/boxmusic.com.pl\/index.php\/wp-json\/wp\/v2\/comments?post=621"}],"version-history":[{"count":1,"href":"https:\/\/boxmusic.com.pl\/index.php\/wp-json\/wp\/v2\/pages\/621\/revisions"}],"predecessor-version":[{"id":632,"href":"https:\/\/boxmusic.com.pl\/index.php\/wp-json\/wp\/v2\/pages\/621\/revisions\/632"}],"up":[{"embeddable":true,"href":"https:\/\/boxmusic.com.pl\/index.php\/wp-json\/wp\/v2\/pages\/794"}],"wp:featuredmedia":[{"embeddable":true,"href":"https:\/\/boxmusic.com.pl\/index.php\/wp-json\/wp\/v2\/media\/622"}],"wp:attachment":[{"href":"https:\/\/boxmusic.com.pl\/index.php\/wp-json\/wp\/v2\/media?parent=621"}],"curies":[{"name":"wp","href":"https:\/\/api.w.org\/{rel}","templated":true}]}}