{"id":635,"date":"2021-04-07T05:09:12","date_gmt":"2021-04-07T03:09:12","guid":{"rendered":"https:\/\/boxmusic.com.pl\/?page_id=635"},"modified":"2021-04-19T21:17:51","modified_gmt":"2021-04-19T19:17:51","slug":"slaska-gala-biesiadna-2011","status":"publish","type":"page","link":"https:\/\/boxmusic.com.pl\/index.php\/slaska-gala-biesiadna-na-przestrzeni-lat\/slaska-gala-biesiadna-2011\/","title":{"rendered":"\u015al\u0105ska Gala Biesiadna 2011"},"content":{"rendered":"\n<div class=\"wp-block-image\"><figure class=\"aligncenter size-large\"><img loading=\"lazy\" decoding=\"async\" width=\"331\" height=\"448\" src=\"https:\/\/boxmusic.com.pl\/wp-content\/uploads\/2021\/04\/slaska-gala-biesiadna-2011.jpg\" alt=\"\" class=\"wp-image-624\" srcset=\"https:\/\/boxmusic.com.pl\/wp-content\/uploads\/2021\/04\/slaska-gala-biesiadna-2011.jpg 331w, https:\/\/boxmusic.com.pl\/wp-content\/uploads\/2021\/04\/slaska-gala-biesiadna-2011-222x300.jpg 222w, https:\/\/boxmusic.com.pl\/wp-content\/uploads\/2021\/04\/slaska-gala-biesiadna-2011-18x24.jpg 18w, https:\/\/boxmusic.com.pl\/wp-content\/uploads\/2021\/04\/slaska-gala-biesiadna-2011-27x36.jpg 27w, https:\/\/boxmusic.com.pl\/wp-content\/uploads\/2021\/04\/slaska-gala-biesiadna-2011-35x48.jpg 35w\" sizes=\"auto, (max-width: 331px) 100vw, 331px\" \/><\/figure><\/div>\n\n\n\n<p>Wyj\u0105tkowa i niezapomniana \u015al\u0105ska Gala Biesiadna, kt\u00f3ra odby\u0142a si\u0119 w 2011 roku. Koncert nagrany zosta\u0142 we wsp\u00f3\u0142pracy z Telewizj\u0105 Polsk\u0105. Koncert poprowadzili Joanna Bartel i Krzysztof Hanke. Podczas pierwszej cz\u0119\u015bci imprezy pojawi\u0142o si\u0119 mn\u00f3stwo Gwiazd znanych w ca\u0142ej Polsce \u2013 Jak Kabaret RAK, Anna Popek i Marek Sierocki, Don Vasyl i Cyganie, Piotr Kupicha, Marcin Kindla, Sebastian Riedel. Dodajmy, \u017ce Anna Popek, Marek Sierocki i Marcin Kindla specjalnie na Gal\u0119 przygotowali sw\u00f3j wsp\u00f3lny wyst\u0119p wokalny.<\/p>\n\n\n\n<p>W drugiej cz\u0119\u015bci r\u00f3wnie\u017c wyst\u0105pi\u0142a istna plejada Gwiazd: Leszek i Kornelia Filec, Miros\u0142aw J\u0119drowski, Iroxana, legendarny Gang Marcela, Damian Holecki, Mona Lisa, Mirek Szo\u0142tysek i Weso\u0142e Trio, B.A.R., Duo Fenix, Kola i Jula, New For You, Mariusz Kalaga, Grupa Fest, Happy Folk, Karpowicz Family. R\u00f3wnie\u017c w tej cz\u0119\u015bci nie zabrak\u0142o wyst\u0119pu Gwiazdy \u2013 i to mi\u0119dzynarodowej \u2013 w osobie samej Heleny Vondrackovej.<\/p>\n\n\n\n<figure class=\"wp-block-embed is-provider-youtube wp-block-embed-youtube\"><div class=\"wp-block-embed__wrapper\">\n<iframe loading=\"lazy\" title=\"\u015al\u0105ska Gala Biesiadna 2011 cz.2 - koncert ca\u0142y\" width=\"990\" height=\"557\" src=\"https:\/\/www.youtube.com\/embed\/czqvEuEmjIQ?feature=oembed\" frameborder=\"0\" allow=\"accelerometer; autoplay; clipboard-write; encrypted-media; gyroscope; picture-in-picture\" allowfullscreen><\/iframe>\n<\/div><\/figure>\n","protected":false},"excerpt":{"rendered":"<p>Wyj\u0105tkowa i niezapomniana \u015al\u0105ska Gala Biesiadna, kt\u00f3ra odby\u0142a si\u0119 w 2011 roku. Koncert nagrany zosta\u0142 we wsp\u00f3\u0142pracy z Telewizj\u0105 Polsk\u0105. &hellip; <a href=\"https:\/\/boxmusic.com.pl\/index.php\/slaska-gala-biesiadna-na-przestrzeni-lat\/slaska-gala-biesiadna-2011\/\" class=\"more-link\"><span class=\"more-button\">Czytaj dalej<span class=\"screen-reader-text\">\u015al\u0105ska Gala Biesiadna 2011<\/span><\/span><\/a><\/p>\n","protected":false},"author":3,"featured_media":624,"parent":794,"menu_order":0,"comment_status":"closed","ping_status":"closed","template":"","meta":{"footnotes":""},"class_list":["post-635","page","type-page","status-publish","has-post-thumbnail","hentry"],"_links":{"self":[{"href":"https:\/\/boxmusic.com.pl\/index.php\/wp-json\/wp\/v2\/pages\/635","targetHints":{"allow":["GET"]}}],"collection":[{"href":"https:\/\/boxmusic.com.pl\/index.php\/wp-json\/wp\/v2\/pages"}],"about":[{"href":"https:\/\/boxmusic.com.pl\/index.php\/wp-json\/wp\/v2\/types\/page"}],"author":[{"embeddable":true,"href":"https:\/\/boxmusic.com.pl\/index.php\/wp-json\/wp\/v2\/users\/3"}],"replies":[{"embeddable":true,"href":"https:\/\/boxmusic.com.pl\/index.php\/wp-json\/wp\/v2\/comments?post=635"}],"version-history":[{"count":3,"href":"https:\/\/boxmusic.com.pl\/index.php\/wp-json\/wp\/v2\/pages\/635\/revisions"}],"predecessor-version":[{"id":1054,"href":"https:\/\/boxmusic.com.pl\/index.php\/wp-json\/wp\/v2\/pages\/635\/revisions\/1054"}],"up":[{"embeddable":true,"href":"https:\/\/boxmusic.com.pl\/index.php\/wp-json\/wp\/v2\/pages\/794"}],"wp:featuredmedia":[{"embeddable":true,"href":"https:\/\/boxmusic.com.pl\/index.php\/wp-json\/wp\/v2\/media\/624"}],"wp:attachment":[{"href":"https:\/\/boxmusic.com.pl\/index.php\/wp-json\/wp\/v2\/media?parent=635"}],"curies":[{"name":"wp","href":"https:\/\/api.w.org\/{rel}","templated":true}]}}