{"id":644,"date":"2021-04-07T05:17:09","date_gmt":"2021-04-07T03:17:09","guid":{"rendered":"https:\/\/boxmusic.com.pl\/?page_id=644"},"modified":"2021-04-13T01:01:29","modified_gmt":"2021-04-12T23:01:29","slug":"slaska-gala-biesiadna-2015","status":"publish","type":"page","link":"https:\/\/boxmusic.com.pl\/index.php\/slaska-gala-biesiadna-na-przestrzeni-lat\/slaska-gala-biesiadna-2015\/","title":{"rendered":"\u015al\u0105ska Gala Biesiadna 2015"},"content":{"rendered":"\n<div class=\"wp-block-image\"><figure class=\"aligncenter size-large is-resized\"><img loading=\"lazy\" decoding=\"async\" src=\"https:\/\/boxmusic.com.pl\/wp-content\/uploads\/2021\/04\/Slaska-Gala-Biesiadna-2015.png\" alt=\"\" class=\"wp-image-628\" width=\"324\" height=\"436\" srcset=\"https:\/\/boxmusic.com.pl\/wp-content\/uploads\/2021\/04\/Slaska-Gala-Biesiadna-2015.png 443w, https:\/\/boxmusic.com.pl\/wp-content\/uploads\/2021\/04\/Slaska-Gala-Biesiadna-2015-223x300.png 223w, https:\/\/boxmusic.com.pl\/wp-content\/uploads\/2021\/04\/Slaska-Gala-Biesiadna-2015-18x24.png 18w, https:\/\/boxmusic.com.pl\/wp-content\/uploads\/2021\/04\/Slaska-Gala-Biesiadna-2015-27x36.png 27w, https:\/\/boxmusic.com.pl\/wp-content\/uploads\/2021\/04\/Slaska-Gala-Biesiadna-2015-36x48.png 36w\" sizes=\"auto, (max-width: 324px) 100vw, 324px\" \/><\/figure><\/div>\n\n\n\n<p>Kolejna \u015al\u0105ska Gala Biesiadna zwie\u0144czona sukcesem oraz ciesz\u0105ca si\u0119 ogromnym zainteresowaniem. Koncert poprowadzili Joanna Bartel, Andrzej Mi\u015b, Magdalena Pal i Sebastian Mierzwa. Tym razem premier\u0119 swojej (tym razem solowej) p\u0142yty \u015bwi\u0119towa\u0142 Chris Oxforduo, podczas koncertu odby\u0142a si\u0119 te\u017c premiera p\u0142yty Przemka \u015awierczyny czy Duetu Klaudia i Remi. Na scenie za\u015bpiewali te\u017c: Duet Karo, Iroxana z Zespo\u0142em Katosie, Kamraty, Kola i Jula, Zesp\u00f3\u0142 Servoos, Jesika (po raz pierwszy na Gali), Zesp\u00f3\u0142 De Silvers, Weso\u0142a Biesiada (debiutuj\u0105ca muzycznie), EMI Band (r\u00f3wnie\u017c debiutuj\u0105cy), Stach, Damian Holecki, Duet Karo, Claudia i Kasia Chwo\u0142ka, Karpowicz Family, Magdalena Pal, Bernadeta Kowalska i Przyjaciele, \u015al\u0105scy Kowboje \u2013 czyli Stach i Chris Oxforduo w swoim nowym projekcie.<\/p>\n\n\n\n<p>Go\u015bciem specjalnym imprezy by\u0142a legendarna i uwielbiana Wokalistka \u2013 Eleni, kt\u00f3ra zaprezentowa\u0142a sw\u00f3j minirecital.<\/p>\n\n\n\n<p>O opraw\u0119 taneczn\u0105 zatroszczyli si\u0119 Grupa Dance Art oraz Weso\u0142a Biesiada. <\/p>\n\n\n\n<figure class=\"wp-block-embed is-type-video is-provider-youtube wp-block-embed-youtube wp-embed-aspect-4-3 wp-has-aspect-ratio\"><div class=\"wp-block-embed__wrapper\">\n<iframe loading=\"lazy\" title=\"VIII \u015al\u0105ska Gala Biesiadna 2015 - ca\u0142y koncert\" width=\"990\" height=\"743\" src=\"https:\/\/www.youtube.com\/embed\/-XF3r-rxFT0?list=PLtYb99e7DJisA6sL_xUHrAYXn0t_bcJ1t\" frameborder=\"0\" allow=\"accelerometer; autoplay; clipboard-write; encrypted-media; gyroscope; picture-in-picture\" allowfullscreen><\/iframe>\n<\/div><\/figure>\n","protected":false},"excerpt":{"rendered":"<p>Kolejna \u015al\u0105ska Gala Biesiadna zwie\u0144czona sukcesem oraz ciesz\u0105ca si\u0119 ogromnym zainteresowaniem. Koncert poprowadzili Joanna Bartel, Andrzej Mi\u015b, Magdalena Pal i &hellip; <a href=\"https:\/\/boxmusic.com.pl\/index.php\/slaska-gala-biesiadna-na-przestrzeni-lat\/slaska-gala-biesiadna-2015\/\" class=\"more-link\"><span class=\"more-button\">Czytaj dalej<span class=\"screen-reader-text\">\u015al\u0105ska Gala Biesiadna 2015<\/span><\/span><\/a><\/p>\n","protected":false},"author":3,"featured_media":628,"parent":794,"menu_order":0,"comment_status":"closed","ping_status":"closed","template":"","meta":{"footnotes":""},"class_list":["post-644","page","type-page","status-publish","has-post-thumbnail","hentry"],"_links":{"self":[{"href":"https:\/\/boxmusic.com.pl\/index.php\/wp-json\/wp\/v2\/pages\/644","targetHints":{"allow":["GET"]}}],"collection":[{"href":"https:\/\/boxmusic.com.pl\/index.php\/wp-json\/wp\/v2\/pages"}],"about":[{"href":"https:\/\/boxmusic.com.pl\/index.php\/wp-json\/wp\/v2\/types\/page"}],"author":[{"embeddable":true,"href":"https:\/\/boxmusic.com.pl\/index.php\/wp-json\/wp\/v2\/users\/3"}],"replies":[{"embeddable":true,"href":"https:\/\/boxmusic.com.pl\/index.php\/wp-json\/wp\/v2\/comments?post=644"}],"version-history":[{"count":2,"href":"https:\/\/boxmusic.com.pl\/index.php\/wp-json\/wp\/v2\/pages\/644\/revisions"}],"predecessor-version":[{"id":647,"href":"https:\/\/boxmusic.com.pl\/index.php\/wp-json\/wp\/v2\/pages\/644\/revisions\/647"}],"up":[{"embeddable":true,"href":"https:\/\/boxmusic.com.pl\/index.php\/wp-json\/wp\/v2\/pages\/794"}],"wp:featuredmedia":[{"embeddable":true,"href":"https:\/\/boxmusic.com.pl\/index.php\/wp-json\/wp\/v2\/media\/628"}],"wp:attachment":[{"href":"https:\/\/boxmusic.com.pl\/index.php\/wp-json\/wp\/v2\/media?parent=644"}],"curies":[{"name":"wp","href":"https:\/\/api.w.org\/{rel}","templated":true}]}}