{"id":648,"date":"2021-04-07T05:19:20","date_gmt":"2021-04-07T03:19:20","guid":{"rendered":"https:\/\/boxmusic.com.pl\/?page_id=648"},"modified":"2021-04-13T01:01:21","modified_gmt":"2021-04-12T23:01:21","slug":"slaska-gala-biesiadna-2016","status":"publish","type":"page","link":"https:\/\/boxmusic.com.pl\/index.php\/slaska-gala-biesiadna-na-przestrzeni-lat\/slaska-gala-biesiadna-2016\/","title":{"rendered":"\u015al\u0105ska Gala Biesiadna 2016"},"content":{"rendered":"\n<div class=\"wp-block-image\"><figure class=\"aligncenter size-large\"><img loading=\"lazy\" decoding=\"async\" width=\"457\" height=\"630\" src=\"https:\/\/boxmusic.com.pl\/wp-content\/uploads\/2021\/04\/Slaska-Gala-Biesiadna-2016.jpg\" alt=\"\" class=\"wp-image-629\" srcset=\"https:\/\/boxmusic.com.pl\/wp-content\/uploads\/2021\/04\/Slaska-Gala-Biesiadna-2016.jpg 457w, https:\/\/boxmusic.com.pl\/wp-content\/uploads\/2021\/04\/Slaska-Gala-Biesiadna-2016-218x300.jpg 218w, https:\/\/boxmusic.com.pl\/wp-content\/uploads\/2021\/04\/Slaska-Gala-Biesiadna-2016-17x24.jpg 17w, https:\/\/boxmusic.com.pl\/wp-content\/uploads\/2021\/04\/Slaska-Gala-Biesiadna-2016-26x36.jpg 26w, https:\/\/boxmusic.com.pl\/wp-content\/uploads\/2021\/04\/Slaska-Gala-Biesiadna-2016-35x48.jpg 35w\" sizes=\"auto, (max-width: 457px) 100vw, 457px\" \/><\/figure><\/div>\n\n\n\n<p>Niezapomniana \u015al\u0105ska Gala Biesiadna w 2016 roku po raz kolejny okaza\u0142a si\u0119 ogromnym sukcesem. Bilety wyprzeda\u0142y si\u0119 na d\u0142ugo przed koncertem. Na scenie jak zwykle zago\u015bci\u0142a plejada Gwiazd \u015al\u0105skiej Sceny. Koncert poprowadzili Joanna Bartel, Andrzej Mi\u015b i Sebastian Mierzwa. Jak zwykle nie zabrak\u0142o widowiskowych wyst\u0119p\u00f3w oraz humorystycznych akcent\u00f3w. Go\u015bciem specjalnym wydarzenia by\u0142 jeden z najwybitniejszych polskich Artyst\u00f3w, uwielbiany przez pokolenia naszych Rodak\u00f3w \u2013 sam Krzysztof Krawczyk, kt\u00f3ry zaprezentowa\u0142 sw\u00f3j niezapomniany recital.<\/p>\n\n\n\n<p>Na scenie za\u015bpiewali: Duet Karo, Piotr Herdzina (po raz pierwszy na \u015al\u0105skiej Gali Biesiadnej), De Silvers, Karolina i Adam Krawczyk, Stach, Weronika (debiutuj\u0105ca na Gali), EMI Band, Kabaret Kafliki (po raz pierwszy na Gali), Servoos, Leszek Filec, Bernadeta Kowalska i Przyjaciele, Oxforduo, Grzegorz Poloczek, Magdalena Pal, Arkadia Band oraz Damian Holecki.<\/p>\n\n\n\n<p>O opraw\u0119 taneczn\u0105 wydarzenia zadba\u0142y Grupy Dance Art oraz Weso\u0142a Biesiada.<\/p>\n\n\n\n<figure class=\"wp-block-embed is-type-video is-provider-youtube wp-block-embed-youtube wp-embed-aspect-16-9 wp-has-aspect-ratio\"><div class=\"wp-block-embed__wrapper\">\n<iframe loading=\"lazy\" title=\"IX \u015al\u0105ska Gala Biesiadna 2016 - ca\u0142y koncert\" width=\"990\" height=\"557\" src=\"https:\/\/www.youtube.com\/embed\/kEi8H_j4EW0?list=PLtYb99e7DJisA6sL_xUHrAYXn0t_bcJ1t\" frameborder=\"0\" allow=\"accelerometer; autoplay; clipboard-write; encrypted-media; gyroscope; picture-in-picture\" allowfullscreen><\/iframe>\n<\/div><\/figure>\n","protected":false},"excerpt":{"rendered":"<p>Niezapomniana \u015al\u0105ska Gala Biesiadna w 2016 roku po raz kolejny okaza\u0142a si\u0119 ogromnym sukcesem. Bilety wyprzeda\u0142y si\u0119 na d\u0142ugo przed &hellip; <a href=\"https:\/\/boxmusic.com.pl\/index.php\/slaska-gala-biesiadna-na-przestrzeni-lat\/slaska-gala-biesiadna-2016\/\" class=\"more-link\"><span class=\"more-button\">Czytaj dalej<span class=\"screen-reader-text\">\u015al\u0105ska Gala Biesiadna 2016<\/span><\/span><\/a><\/p>\n","protected":false},"author":3,"featured_media":629,"parent":794,"menu_order":0,"comment_status":"closed","ping_status":"closed","template":"","meta":{"footnotes":""},"class_list":["post-648","page","type-page","status-publish","has-post-thumbnail","hentry"],"_links":{"self":[{"href":"https:\/\/boxmusic.com.pl\/index.php\/wp-json\/wp\/v2\/pages\/648","targetHints":{"allow":["GET"]}}],"collection":[{"href":"https:\/\/boxmusic.com.pl\/index.php\/wp-json\/wp\/v2\/pages"}],"about":[{"href":"https:\/\/boxmusic.com.pl\/index.php\/wp-json\/wp\/v2\/types\/page"}],"author":[{"embeddable":true,"href":"https:\/\/boxmusic.com.pl\/index.php\/wp-json\/wp\/v2\/users\/3"}],"replies":[{"embeddable":true,"href":"https:\/\/boxmusic.com.pl\/index.php\/wp-json\/wp\/v2\/comments?post=648"}],"version-history":[{"count":1,"href":"https:\/\/boxmusic.com.pl\/index.php\/wp-json\/wp\/v2\/pages\/648\/revisions"}],"predecessor-version":[{"id":649,"href":"https:\/\/boxmusic.com.pl\/index.php\/wp-json\/wp\/v2\/pages\/648\/revisions\/649"}],"up":[{"embeddable":true,"href":"https:\/\/boxmusic.com.pl\/index.php\/wp-json\/wp\/v2\/pages\/794"}],"wp:featuredmedia":[{"embeddable":true,"href":"https:\/\/boxmusic.com.pl\/index.php\/wp-json\/wp\/v2\/media\/629"}],"wp:attachment":[{"href":"https:\/\/boxmusic.com.pl\/index.php\/wp-json\/wp\/v2\/media?parent=648"}],"curies":[{"name":"wp","href":"https:\/\/api.w.org\/{rel}","templated":true}]}}

Śląska Gala Biesiadna 2016

<div class="wp-block-image"><figure class="aligncenter size-large"><img loading="lazy" decoding="async" width="457" height="630" src="https://boxmusic.com.pl/wp-content/uploads/2021/04/Slaska-Gala-Biesiadna-2016.jpg" alt="" class="wp-image-629" srcset="https://boxmusic.com.pl/wp-content/uploads/2021/04/Slaska-Gala-Biesiadna-2016.jpg 457w, https://boxmusic.com.pl/wp-content/uploads/2021/04/Slaska-Gala-Biesiadna-2016-218x300.jpg 218w, https://boxmusic.com.pl/wp-content/uploads/2021/04/Slaska-Gala-Biesiadna-2016-17x24.jpg 17w, https://boxmusic.com.pl/wp-content/uploads/2021/04/Slaska-Gala-Biesiadna-2016-26x36.jpg 26w, https://boxmusic.com.pl/wp-content/uploads/2021/04/Slaska-Gala-Biesiadna-2016-35x48.jpg 35w" sizes="auto, (max-width: 457px) 100vw, 457px" /></figure></div>



<p>Niezapomniana Śląska Gala Biesiadna w 2016 roku po raz kolejny okazała się ogromnym sukcesem. Bilety wyprzedały się na długo przed koncertem. Na scenie jak zwykle zagościła plejada Gwiazd Śląskiej Sceny. Koncert poprowadzili Joanna Bartel, Andrzej Miś i Sebastian Mierzwa. Jak zwykle nie zabrakło widowiskowych występów oraz humorystycznych akcentów. Gościem specjalnym wydarzenia był jeden z najwybitniejszych polskich Artystów, uwielbiany przez pokolenia naszych Rodaków – sam Krzysztof Krawczyk, który zaprezentował swój niezapomniany recital.</p>



<p>Na scenie zaśpiewali: Duet Karo, Piotr Herdzina (po raz pierwszy na Śląskiej Gali Biesiadnej), De Silvers, Karolina i Adam Krawczyk, Stach, Weronika (debiutująca na Gali), EMI Band, Kabaret Kafliki (po raz pierwszy na Gali), Servoos, Leszek Filec, Bernadeta Kowalska i Przyjaciele, Oxforduo, Grzegorz Poloczek, Magdalena Pal, Arkadia Band oraz Damian Holecki.</p>



<p>O oprawę taneczną wydarzenia zadbały Grupy Dance Art oraz Wesoła Biesiada.</p>



<figure class="wp-block-embed is-type-video is-provider-youtube wp-block-embed-youtube wp-embed-aspect-16-9 wp-has-aspect-ratio"><div class="wp-block-embed__wrapper">
<iframe loading="lazy" title="IX Śląska Gala Biesiadna 2016 - cały koncert" width="990" height="557" src="https://www.youtube.com/embed/kEi8H_j4EW0?list=PLtYb99e7DJisA6sL_xUHrAYXn0t_bcJ1t" frameborder="0" allow="accelerometer; autoplay; clipboard-write; encrypted-media; gyroscope; picture-in-picture" allowfullscreen></iframe>
</div></figure>

<p>Niezapomniana Śląska Gala Biesiadna w 2016 roku po raz kolejny okazała się ogromnym sukcesem. Bilety wyprzedały się na długo przed &hellip; <a href="https://boxmusic.com.pl/index.php/slaska-gala-biesiadna-na-przestrzeni-lat/slaska-gala-biesiadna-2016/" class="more-link"><span class="more-button">Czytaj dalej<span class="screen-reader-text">Śląska Gala Biesiadna 2016</span></span></a></p>
