{"id":650,"date":"2021-04-07T05:21:06","date_gmt":"2021-04-07T03:21:06","guid":{"rendered":"https:\/\/boxmusic.com.pl\/?page_id=650"},"modified":"2021-04-13T01:01:07","modified_gmt":"2021-04-12T23:01:07","slug":"slaska-gala-biesiadna-2017","status":"publish","type":"page","link":"https:\/\/boxmusic.com.pl\/index.php\/slaska-gala-biesiadna-na-przestrzeni-lat\/slaska-gala-biesiadna-2017\/","title":{"rendered":"\u015al\u0105ska Gala Biesiadna 2017"},"content":{"rendered":"\n<div class=\"wp-block-image\"><figure class=\"aligncenter size-large\"><img loading=\"lazy\" decoding=\"async\" width=\"369\" height=\"523\" src=\"https:\/\/boxmusic.com.pl\/wp-content\/uploads\/2021\/04\/Slaska-Gala-Biesiadna-2017.jpg\" alt=\"\" class=\"wp-image-630\" srcset=\"https:\/\/boxmusic.com.pl\/wp-content\/uploads\/2021\/04\/Slaska-Gala-Biesiadna-2017.jpg 369w, https:\/\/boxmusic.com.pl\/wp-content\/uploads\/2021\/04\/Slaska-Gala-Biesiadna-2017-212x300.jpg 212w, https:\/\/boxmusic.com.pl\/wp-content\/uploads\/2021\/04\/Slaska-Gala-Biesiadna-2017-17x24.jpg 17w, https:\/\/boxmusic.com.pl\/wp-content\/uploads\/2021\/04\/Slaska-Gala-Biesiadna-2017-25x36.jpg 25w, https:\/\/boxmusic.com.pl\/wp-content\/uploads\/2021\/04\/Slaska-Gala-Biesiadna-2017-34x48.jpg 34w\" sizes=\"auto, (max-width: 369px) 100vw, 369px\" \/><\/figure><\/div>\n\n\n\n<p>Wyj\u0105tkowa, jubileuszowa X \u015al\u0105ska Gala Biesiadna jak zawsze przyci\u0105gn\u0119\u0142a t\u0142umy. Jak na jubileuszowe wydarzenie przysta\u0142o, podczas koncertu Widz\u00f3w czeka\u0142o mn\u00f3stwo niespodzianek oraz niezapomniane Widowisko, podczas kt\u00f3rego a\u017c troje Artyst\u00f3w naszej Sceny \u015bwi\u0119towa\u0142o premiery swych p\u0142yt: Bernadeta Kowalska i Przyjaciele (kr\u0105\u017cek W \u017cyciu jak w piosence), Weronika (Id\u0119), Duet Karo (Mi\u0142o\u015b\u0107 to cudowny sen) \u2013 prezentuj\u0105c przy okazji wyj\u0105tkowe i bardzo widowiskowe recitale. Sw\u00f3j recital zaprezentowa\u0142 te\u017c wyj\u0105tkowy i bardzo lubiany Zesp\u00f3\u0142 Ed\u2019Mans. Na scenie pojawili si\u0119 te\u017c: Tim Fabian, Weso\u0142a Biesiada, Stach, Sandra i Joachim Koj, Servoos, Chris Oxforduo, BetiBer, Arkadia Band, Magdalena Pal, Aldona, Andy &amp; Lucia, Damian Holecki. Koncert poprowadzili Joanna Bartel, Andrzej Mi\u015b i Sebastian Mierzwa. Go\u015bciem imprezy by\u0142 Legendarny Kabareciarz \u2013 Marcin Daniec.<\/p>\n\n\n\n<p>O opraw\u0119 taneczn\u0105 zadba\u0142y Grupy Dance Art, Maraquja oraz Ma\u017coretki COPACABANA z Ciasnej (wyst\u0119p Bernadety Kowalskiej i Przyjaci\u00f3\u0142.<\/p>\n\n\n\n<figure class=\"wp-block-embed is-type-video is-provider-youtube wp-block-embed-youtube wp-embed-aspect-16-9 wp-has-aspect-ratio\"><div class=\"wp-block-embed__wrapper\">\n<iframe loading=\"lazy\" title=\"X \u015al\u0105ska Gala Biesiadna 2017 - ca\u0142y koncert\" width=\"990\" height=\"557\" src=\"https:\/\/www.youtube.com\/embed\/pKRjTtBR-gw?list=PLtYb99e7DJisA6sL_xUHrAYXn0t_bcJ1t\" frameborder=\"0\" allow=\"accelerometer; autoplay; clipboard-write; encrypted-media; gyroscope; picture-in-picture\" allowfullscreen><\/iframe>\n<\/div><\/figure>\n","protected":false},"excerpt":{"rendered":"<p>Wyj\u0105tkowa, jubileuszowa X \u015al\u0105ska Gala Biesiadna jak zawsze przyci\u0105gn\u0119\u0142a t\u0142umy. Jak na jubileuszowe wydarzenie przysta\u0142o, podczas koncertu Widz\u00f3w czeka\u0142o mn\u00f3stwo &hellip; <a href=\"https:\/\/boxmusic.com.pl\/index.php\/slaska-gala-biesiadna-na-przestrzeni-lat\/slaska-gala-biesiadna-2017\/\" class=\"more-link\"><span class=\"more-button\">Czytaj dalej<span class=\"screen-reader-text\">\u015al\u0105ska Gala Biesiadna 2017<\/span><\/span><\/a><\/p>\n","protected":false},"author":3,"featured_media":630,"parent":794,"menu_order":0,"comment_status":"closed","ping_status":"closed","template":"","meta":{"footnotes":""},"class_list":["post-650","page","type-page","status-publish","has-post-thumbnail","hentry"],"_links":{"self":[{"href":"https:\/\/boxmusic.com.pl\/index.php\/wp-json\/wp\/v2\/pages\/650","targetHints":{"allow":["GET"]}}],"collection":[{"href":"https:\/\/boxmusic.com.pl\/index.php\/wp-json\/wp\/v2\/pages"}],"about":[{"href":"https:\/\/boxmusic.com.pl\/index.php\/wp-json\/wp\/v2\/types\/page"}],"author":[{"embeddable":true,"href":"https:\/\/boxmusic.com.pl\/index.php\/wp-json\/wp\/v2\/users\/3"}],"replies":[{"embeddable":true,"href":"https:\/\/boxmusic.com.pl\/index.php\/wp-json\/wp\/v2\/comments?post=650"}],"version-history":[{"count":1,"href":"https:\/\/boxmusic.com.pl\/index.php\/wp-json\/wp\/v2\/pages\/650\/revisions"}],"predecessor-version":[{"id":651,"href":"https:\/\/boxmusic.com.pl\/index.php\/wp-json\/wp\/v2\/pages\/650\/revisions\/651"}],"up":[{"embeddable":true,"href":"https:\/\/boxmusic.com.pl\/index.php\/wp-json\/wp\/v2\/pages\/794"}],"wp:featuredmedia":[{"embeddable":true,"href":"https:\/\/boxmusic.com.pl\/index.php\/wp-json\/wp\/v2\/media\/630"}],"wp:attachment":[{"href":"https:\/\/boxmusic.com.pl\/index.php\/wp-json\/wp\/v2\/media?parent=650"}],"curies":[{"name":"wp","href":"https:\/\/api.w.org\/{rel}","templated":true}]}}