{"id":652,"date":"2021-04-07T05:22:57","date_gmt":"2021-04-07T03:22:57","guid":{"rendered":"https:\/\/boxmusic.com.pl\/?page_id=652"},"modified":"2021-04-13T04:16:17","modified_gmt":"2021-04-13T02:16:17","slug":"slaska-gala-biesiadna-2018","status":"publish","type":"page","link":"https:\/\/boxmusic.com.pl\/index.php\/slaska-gala-biesiadna-na-przestrzeni-lat\/slaska-gala-biesiadna-2018\/","title":{"rendered":"\u015al\u0105ska Gala Biesiadna 2018"},"content":{"rendered":"\n<div class=\"wp-block-image\"><figure class=\"aligncenter size-large is-resized\"><img loading=\"lazy\" decoding=\"async\" src=\"https:\/\/boxmusic.com.pl\/wp-content\/uploads\/2021\/04\/Slaska-Gala-Biesiadna-2018.png\" alt=\"\" class=\"wp-image-631\" width=\"375\" height=\"529\" srcset=\"https:\/\/boxmusic.com.pl\/wp-content\/uploads\/2021\/04\/Slaska-Gala-Biesiadna-2018.png 682w, https:\/\/boxmusic.com.pl\/wp-content\/uploads\/2021\/04\/Slaska-Gala-Biesiadna-2018-213x300.png 213w, https:\/\/boxmusic.com.pl\/wp-content\/uploads\/2021\/04\/Slaska-Gala-Biesiadna-2018-468x660.png 468w, https:\/\/boxmusic.com.pl\/wp-content\/uploads\/2021\/04\/Slaska-Gala-Biesiadna-2018-17x24.png 17w, https:\/\/boxmusic.com.pl\/wp-content\/uploads\/2021\/04\/Slaska-Gala-Biesiadna-2018-26x36.png 26w, https:\/\/boxmusic.com.pl\/wp-content\/uploads\/2021\/04\/Slaska-Gala-Biesiadna-2018-34x48.png 34w\" sizes=\"auto, (max-width: 375px) 100vw, 375px\" \/><\/figure><\/div>\n\n\n\n<p>Kolejna wspania\u0142a i niezapomniana \u015al\u0105ska Gala Biesiadna, kt\u00f3ra po raz kolejny przyci\u0105gn\u0119\u0142a t\u0142umy Widz\u00f3w. Na scenie po raz kolejny wyst\u0105pi\u0142a plejada Gwiazd \u015al\u0105skiej Sceny. Wydarzenie poprowadzili Joanna Bartel, Andrzej Mi\u015b i Marcin Janota. <\/p>\n\n\n\n<div class=\"wp-block-buttons is-content-justification-center is-layout-flex wp-block-buttons-is-layout-flex\">\n<div class=\"wp-block-button is-style-fill\"><a class=\"wp-block-button__link\" href=\"https:\/\/boxmusic.com.pl\/index.php\/2018\/04\/16\/za-nami-slaska-gala-biesiadna\/\">Przejd\u017a do galerii zdj\u0119\u0107 ze \u015al\u0105skiej Gali Biesiadnej<\/a><\/div>\n<\/div>\n\n\n\n<p>Wyj\u0105tkowe i bardzo widowiskowe minirecitale (stanowi\u0105ce jednocze\u015bnie malownicze widowisko) zaprezentowali wydaj\u0105cy p\u0142yty Zesp\u00f3\u0142 BetiBer, Tim Fabian oraz Arkadia Band (Zesp\u00f3\u0142 r\u00f3wnocze\u015bnie \u015bwi\u0119towa\u0142 10-lecie). Na scenie za\u015bpiewali te\u017c: Kuzyn Mix (debiutuj\u0105cy w tym roku, a jednocze\u015bnie \u015bwi\u0119tuj\u0105cy premier\u0119 p\u0142yty), Bo\u017cena Mielnik, Zesp\u00f3\u0142 Ed-Ka (po raz pierwszy na Gali), Beata Ma\u0144kowska (r\u00f3wnie\u017c po raz pierwszy na Gali), Stach, Krzysztof Koniarek (po raz pierwszy na Gali), Chris Oxforduo (niezapomniany wyst\u0119p ze Swoj\u0105 C\u00f3rk\u0105 i Synem), Damian Holecki, Jacek Silski (po raz pierwszy na Gali), Bernadeta Kowalska i Przyjaciele, Weronika, Duet Karo.<\/p>\n\n\n\n<p>O opraw\u0119 taneczn\u0105 zatroszczy\u0142a si\u0119 wyj\u0105tkowa, ciesz\u0105ca si\u0119 ogromn\u0105 popularno\u015bci\u0105 Grupa Taneczna Maraquja oraz niezawodna od lat Grupa Dance Art. &nbsp;<\/p>\n\n\n\n<figure class=\"wp-block-embed is-type-video is-provider-youtube wp-block-embed-youtube wp-embed-aspect-16-9 wp-has-aspect-ratio\"><div class=\"wp-block-embed__wrapper\">\n<iframe loading=\"lazy\" title=\"XI \u015al\u0105ska Gala Biesiadna 2018 - ca\u0142y koncert\" width=\"990\" height=\"557\" src=\"https:\/\/www.youtube.com\/embed\/q5ueQ0seOyk?list=PLtYb99e7DJisA6sL_xUHrAYXn0t_bcJ1t\" frameborder=\"0\" allow=\"accelerometer; autoplay; clipboard-write; encrypted-media; gyroscope; picture-in-picture\" allowfullscreen><\/iframe>\n<\/div><\/figure>\n\n\n\n<p><\/p>\n","protected":false},"excerpt":{"rendered":"<p>Kolejna wspania\u0142a i niezapomniana \u015al\u0105ska Gala Biesiadna, kt\u00f3ra po raz kolejny przyci\u0105gn\u0119\u0142a t\u0142umy Widz\u00f3w. Na scenie po raz kolejny wyst\u0105pi\u0142a &hellip; <a href=\"https:\/\/boxmusic.com.pl\/index.php\/slaska-gala-biesiadna-na-przestrzeni-lat\/slaska-gala-biesiadna-2018\/\" class=\"more-link\"><span class=\"more-button\">Czytaj dalej<span class=\"screen-reader-text\">\u015al\u0105ska Gala Biesiadna 2018<\/span><\/span><\/a><\/p>\n","protected":false},"author":3,"featured_media":631,"parent":794,"menu_order":0,"comment_status":"closed","ping_status":"closed","template":"","meta":{"footnotes":""},"class_list":["post-652","page","type-page","status-publish","has-post-thumbnail","hentry"],"_links":{"self":[{"href":"https:\/\/boxmusic.com.pl\/index.php\/wp-json\/wp\/v2\/pages\/652","targetHints":{"allow":["GET"]}}],"collection":[{"href":"https:\/\/boxmusic.com.pl\/index.php\/wp-json\/wp\/v2\/pages"}],"about":[{"href":"https:\/\/boxmusic.com.pl\/index.php\/wp-json\/wp\/v2\/types\/page"}],"author":[{"embeddable":true,"href":"https:\/\/boxmusic.com.pl\/index.php\/wp-json\/wp\/v2\/users\/3"}],"replies":[{"embeddable":true,"href":"https:\/\/boxmusic.com.pl\/index.php\/wp-json\/wp\/v2\/comments?post=652"}],"version-history":[{"count":3,"href":"https:\/\/boxmusic.com.pl\/index.php\/wp-json\/wp\/v2\/pages\/652\/revisions"}],"predecessor-version":[{"id":1030,"href":"https:\/\/boxmusic.com.pl\/index.php\/wp-json\/wp\/v2\/pages\/652\/revisions\/1030"}],"up":[{"embeddable":true,"href":"https:\/\/boxmusic.com.pl\/index.php\/wp-json\/wp\/v2\/pages\/794"}],"wp:featuredmedia":[{"embeddable":true,"href":"https:\/\/boxmusic.com.pl\/index.php\/wp-json\/wp\/v2\/media\/631"}],"wp:attachment":[{"href":"https:\/\/boxmusic.com.pl\/index.php\/wp-json\/wp\/v2\/media?parent=652"}],"curies":[{"name":"wp","href":"https:\/\/api.w.org\/{rel}","templated":true}]}}

Śląska Gala Biesiadna 2018

<div class="wp-block-image"><figure class="aligncenter size-large is-resized"><img loading="lazy" decoding="async" src="https://boxmusic.com.pl/wp-content/uploads/2021/04/Slaska-Gala-Biesiadna-2018.png" alt="" class="wp-image-631" width="375" height="529" srcset="https://boxmusic.com.pl/wp-content/uploads/2021/04/Slaska-Gala-Biesiadna-2018.png 682w, https://boxmusic.com.pl/wp-content/uploads/2021/04/Slaska-Gala-Biesiadna-2018-213x300.png 213w, https://boxmusic.com.pl/wp-content/uploads/2021/04/Slaska-Gala-Biesiadna-2018-468x660.png 468w, https://boxmusic.com.pl/wp-content/uploads/2021/04/Slaska-Gala-Biesiadna-2018-17x24.png 17w, https://boxmusic.com.pl/wp-content/uploads/2021/04/Slaska-Gala-Biesiadna-2018-26x36.png 26w, https://boxmusic.com.pl/wp-content/uploads/2021/04/Slaska-Gala-Biesiadna-2018-34x48.png 34w" sizes="auto, (max-width: 375px) 100vw, 375px" /></figure></div>



<p>Kolejna wspaniała i niezapomniana Śląska Gala Biesiadna, która po raz kolejny przyciągnęła tłumy Widzów. Na scenie po raz kolejny wystąpiła plejada Gwiazd Śląskiej Sceny. Wydarzenie poprowadzili Joanna Bartel, Andrzej Miś i Marcin Janota. </p>



<div class="wp-block-buttons is-content-justification-center is-layout-flex wp-block-buttons-is-layout-flex">
<div class="wp-block-button is-style-fill"><a class="wp-block-button__link" href="https://boxmusic.com.pl/index.php/2018/04/16/za-nami-slaska-gala-biesiadna/">Przejdź do galerii zdjęć ze Śląskiej Gali Biesiadnej</a></div>
</div>



<p>Wyjątkowe i bardzo widowiskowe minirecitale (stanowiące jednocześnie malownicze widowisko) zaprezentowali wydający płyty Zespół BetiBer, Tim Fabian oraz Arkadia Band (Zespół równocześnie świętował 10-lecie). Na scenie zaśpiewali też: Kuzyn Mix (debiutujący w tym roku, a jednocześnie świętujący premierę płyty), Bożena Mielnik, Zespół Ed-Ka (po raz pierwszy na Gali), Beata Mańkowska (również po raz pierwszy na Gali), Stach, Krzysztof Koniarek (po raz pierwszy na Gali), Chris Oxforduo (niezapomniany występ ze Swoją Córką i Synem), Damian Holecki, Jacek Silski (po raz pierwszy na Gali), Bernadeta Kowalska i Przyjaciele, Weronika, Duet Karo.</p>



<p>O oprawę taneczną zatroszczyła się wyjątkowa, ciesząca się ogromną popularnością Grupa Taneczna Maraquja oraz niezawodna od lat Grupa Dance Art. &nbsp;</p>



<figure class="wp-block-embed is-type-video is-provider-youtube wp-block-embed-youtube wp-embed-aspect-16-9 wp-has-aspect-ratio"><div class="wp-block-embed__wrapper">
<iframe loading="lazy" title="XI Śląska Gala Biesiadna 2018 - cały koncert" width="990" height="557" src="https://www.youtube.com/embed/q5ueQ0seOyk?list=PLtYb99e7DJisA6sL_xUHrAYXn0t_bcJ1t" frameborder="0" allow="accelerometer; autoplay; clipboard-write; encrypted-media; gyroscope; picture-in-picture" allowfullscreen></iframe>
</div></figure>



<p></p>

<p>Kolejna wspaniała i niezapomniana Śląska Gala Biesiadna, która po raz kolejny przyciągnęła tłumy Widzów. Na scenie po raz kolejny wystąpiła &hellip; <a href="https://boxmusic.com.pl/index.php/slaska-gala-biesiadna-na-przestrzeni-lat/slaska-gala-biesiadna-2018/" class="more-link"><span class="more-button">Czytaj dalej<span class="screen-reader-text">Śląska Gala Biesiadna 2018</span></span></a></p>
