{"id":654,"date":"2021-04-07T05:25:34","date_gmt":"2021-04-07T03:25:34","guid":{"rendered":"https:\/\/boxmusic.com.pl\/?page_id=654"},"modified":"2021-04-13T02:57:49","modified_gmt":"2021-04-13T00:57:49","slug":"slaska-gala-biesiadna-2019","status":"publish","type":"page","link":"https:\/\/boxmusic.com.pl\/index.php\/slaska-gala-biesiadna-na-przestrzeni-lat\/slaska-gala-biesiadna-2019\/","title":{"rendered":"\u015al\u0105ska Gala Biesiadna 2019"},"content":{"rendered":"\n<div class=\"wp-block-image\"><figure class=\"aligncenter size-large is-resized\"><img loading=\"lazy\" decoding=\"async\" src=\"https:\/\/boxmusic.com.pl\/wp-content\/uploads\/2021\/04\/baner-SGB-2019-wersja2-01-1024x414.jpg\" alt=\"\" class=\"wp-image-655\" width=\"741\" height=\"299\" srcset=\"https:\/\/boxmusic.com.pl\/wp-content\/uploads\/2021\/04\/baner-SGB-2019-wersja2-01-1024x414.jpg 1024w, https:\/\/boxmusic.com.pl\/wp-content\/uploads\/2021\/04\/baner-SGB-2019-wersja2-01-300x121.jpg 300w, https:\/\/boxmusic.com.pl\/wp-content\/uploads\/2021\/04\/baner-SGB-2019-wersja2-01-768x311.jpg 768w, https:\/\/boxmusic.com.pl\/wp-content\/uploads\/2021\/04\/baner-SGB-2019-wersja2-01-990x400.jpg 990w, https:\/\/boxmusic.com.pl\/wp-content\/uploads\/2021\/04\/baner-SGB-2019-wersja2-01-24x10.jpg 24w, https:\/\/boxmusic.com.pl\/wp-content\/uploads\/2021\/04\/baner-SGB-2019-wersja2-01-36x15.jpg 36w, https:\/\/boxmusic.com.pl\/wp-content\/uploads\/2021\/04\/baner-SGB-2019-wersja2-01-48x19.jpg 48w, https:\/\/boxmusic.com.pl\/wp-content\/uploads\/2021\/04\/baner-SGB-2019-wersja2-01.jpg 1387w\" sizes=\"auto, (max-width: 741px) 100vw, 741px\" \/><\/figure><\/div>\n\n\n\n<p>To ju\u017c XII \u015al\u0105ska Gala Biesiadna. Impreza po raz kolejny odnios\u0142a ogromy sukces. Koncert poprowadzili Joanna Bartel i Sebastian Mierzwa. Premiery swych p\u0142yt w tym roku \u015bwi\u0119towali Gabi Gold (po raz pierwszy na \u015al\u0105skiej Gali Biesiadnej) oraz (r\u00f3wnie\u017c debiutuj\u0105cy) Zesp\u00f3\u0142 Banita Band. O humor Publiczno\u015bci zadbali Andrzej Mi\u015b oraz uwielbiany Satyryk Tadeusz Drozda, a Go\u015bciem Specjalnym by\u0142 legendarny Wokalista Edward Hulewicz, kt\u00f3ry jak zawsze porwa\u0142 sw\u0105 energi\u0105 Publiczno\u015b\u0107.<\/p>\n\n\n\n<div class=\"wp-block-buttons alignfull is-content-justification-center is-layout-flex wp-block-buttons-is-layout-flex\">\n<div class=\"wp-block-button is-style-fill\"><a class=\"wp-block-button__link\" href=\"https:\/\/boxmusic.com.pl\/index.php\/2019\/05\/13\/881\/\">Przejd\u017a do galerii zdj\u0119\u0107 z Gali<\/a><\/div>\n\n\n<\/div>\n\n\n\n<p>Na scenie za\u015bpiewali r\u00f3wnie\u017c Kuzyn Mix, Bernadeta Kowalska i Przyjaciele, Tim Fabian, Duet Karo, Weronika, Damian Holecki, Kapela G\u00f3role, BetiBer, Arkadia Band. Impreza po raz pierwszy od lat odby\u0142a si\u0119 z Okazji Dnia Matki, dlatego te\u017c pojawi\u0142o si\u0119 sporo wzruszaj\u0105cych piosenek dedykowanych specjalnie dla Mam. Ogromnym zaskoczeniem by\u0142 te\u017c przygotowany specjalnie na t\u0119 okazj\u0119 Duet Weroniki z Damianem Holeckim.<\/p>\n\n\n\n<p>O opraw\u0119 taneczn\u0105 ca\u0142o\u015b\u0107 zatroszczy\u0142a si\u0119 rewelacyjna Grupa Taneczna Maraquja.<\/p>\n\n\n\n<figure class=\"wp-block-embed is-type-video is-provider-youtube wp-block-embed-youtube wp-embed-aspect-16-9 wp-has-aspect-ratio\"><div class=\"wp-block-embed__wrapper\">\n<iframe loading=\"lazy\" title=\"XII \u015al\u0105ska Gala Biesiadna 2019 - ca\u0142y koncert\" width=\"990\" height=\"557\" src=\"https:\/\/www.youtube.com\/embed\/9J0FbND-NnM?list=PLtYb99e7DJisA6sL_xUHrAYXn0t_bcJ1t\" frameborder=\"0\" allow=\"accelerometer; autoplay; clipboard-write; encrypted-media; gyroscope; picture-in-picture\" allowfullscreen><\/iframe>\n<\/div><\/figure>\n","protected":false},"excerpt":{"rendered":"<p>To ju\u017c XII \u015al\u0105ska Gala Biesiadna. Impreza po raz kolejny odnios\u0142a ogromy sukces. Koncert poprowadzili Joanna Bartel i Sebastian Mierzwa. &hellip; <a href=\"https:\/\/boxmusic.com.pl\/index.php\/slaska-gala-biesiadna-na-przestrzeni-lat\/slaska-gala-biesiadna-2019\/\" class=\"more-link\"><span class=\"more-button\">Czytaj dalej<span class=\"screen-reader-text\">\u015al\u0105ska Gala Biesiadna 2019<\/span><\/span><\/a><\/p>\n","protected":false},"author":3,"featured_media":655,"parent":794,"menu_order":0,"comment_status":"closed","ping_status":"closed","template":"","meta":{"footnotes":""},"class_list":["post-654","page","type-page","status-publish","has-post-thumbnail","hentry"],"_links":{"self":[{"href":"https:\/\/boxmusic.com.pl\/index.php\/wp-json\/wp\/v2\/pages\/654","targetHints":{"allow":["GET"]}}],"collection":[{"href":"https:\/\/boxmusic.com.pl\/index.php\/wp-json\/wp\/v2\/pages"}],"about":[{"href":"https:\/\/boxmusic.com.pl\/index.php\/wp-json\/wp\/v2\/types\/page"}],"author":[{"embeddable":true,"href":"https:\/\/boxmusic.com.pl\/index.php\/wp-json\/wp\/v2\/users\/3"}],"replies":[{"embeddable":true,"href":"https:\/\/boxmusic.com.pl\/index.php\/wp-json\/wp\/v2\/comments?post=654"}],"version-history":[{"count":2,"href":"https:\/\/boxmusic.com.pl\/index.php\/wp-json\/wp\/v2\/pages\/654\/revisions"}],"predecessor-version":[{"id":921,"href":"https:\/\/boxmusic.com.pl\/index.php\/wp-json\/wp\/v2\/pages\/654\/revisions\/921"}],"up":[{"embeddable":true,"href":"https:\/\/boxmusic.com.pl\/index.php\/wp-json\/wp\/v2\/pages\/794"}],"wp:featuredmedia":[{"embeddable":true,"href":"https:\/\/boxmusic.com.pl\/index.php\/wp-json\/wp\/v2\/media\/655"}],"wp:attachment":[{"href":"https:\/\/boxmusic.com.pl\/index.php\/wp-json\/wp\/v2\/media?parent=654"}],"curies":[{"name":"wp","href":"https:\/\/api.w.org\/{rel}","templated":true}]}}