{"id":80,"date":"2021-03-18T03:18:11","date_gmt":"2021-03-18T02:18:11","guid":{"rendered":"https:\/\/boxmusic.com.pl\/?page_id=80"},"modified":"2021-03-25T04:37:16","modified_gmt":"2021-03-25T03:37:16","slug":"bernadeta-kowalska-i-przyjaciele","status":"publish","type":"page","link":"https:\/\/boxmusic.com.pl\/index.php\/artysci\/bernadeta-kowalska-i-przyjaciele\/","title":{"rendered":"Bernadeta Kowalska i Przyjaciele"},"content":{"rendered":"\n<div class=\"wp-block-image\"><figure class=\"aligncenter size-large is-resized\"><img loading=\"lazy\" decoding=\"async\" src=\"https:\/\/boxmusic.com.pl\/wp-content\/uploads\/2021\/03\/deta-3.jpg\" alt=\"\" class=\"wp-image-60\" width=\"322\" height=\"434\" srcset=\"https:\/\/boxmusic.com.pl\/wp-content\/uploads\/2021\/03\/deta-3.jpg 760w, https:\/\/boxmusic.com.pl\/wp-content\/uploads\/2021\/03\/deta-3-223x300.jpg 223w, https:\/\/boxmusic.com.pl\/wp-content\/uploads\/2021\/03\/deta-3-18x24.jpg 18w, https:\/\/boxmusic.com.pl\/wp-content\/uploads\/2021\/03\/deta-3-27x36.jpg 27w, https:\/\/boxmusic.com.pl\/wp-content\/uploads\/2021\/03\/deta-3-36x48.jpg 36w\" sizes=\"auto, (max-width: 322px) 100vw, 322px\" \/><\/figure><\/div>\n\n\n\n<p>Jedna z najpopularniejszych Wokalistek naszej Estrady. Od wielu lat mieszka w Miasteczku \u015al\u0105skim Na scenie muzycznej obecna ju\u017c od 2006 roku. Na koncie ma ju\u017c 9 p\u0142yt oraz niezliczone przeboje i teledyski. Jest nie tylko wokalistk\u0105, ale te\u017c konferansjerk\u0105 oraz prowadz\u0105c\u0105 autorski program telewizyjny i radiowy. Artystka wyst\u0119puje z towarzyszeniem Zespo\u0142u (jako Bernadeta Kowalska i Przyjaciele) \u2013 na co dzie\u0144 na scenie towarzyszy Bernadecie \u015bwietny muzyk, kompozytor, instrumentalista i aran\u017cer Jerzy Maco\u0142a, jak te\u017c \u015bwietni instrumentali\u015bci \u2013 B\u0142a\u017cej Szymczyk oraz Jan Siwy. Ka\u017cdy wyst\u0119p Zespo\u0142u, to nie tylko \u015bwietne brzmienia, ale te\u017c niezapomniane widowisko. Bernadeta Kowalska ma te\u017c na koncie liczne duety z innymi wykonawcami (jak Grzegorz Poloczek, Mariusz Kalaga, Jacek Silski). Piosenki Bernadety utrzymane s\u0105 w r\u00f3\u017cnych klimatach muzycznych \u2013 od szlagier\u00f3w, poprzez muzyk\u0119 pop, brzmienia utrzymane w klimatach latynoskich, czy nastrojowe, nostalgiczne ballady. W\u015br\u00f3d najwi\u0119kszych przeboj\u00f3w wymieni\u0107 mo\u017cna: <em>Pi\u0119kne kwiaty, dobre s\u0142owa<\/em>, <em>Dzi\u015b do ta\u0144ca<\/em>,<em> Nasze r\u00f3\u017ce<\/em>, <em>Swoje serce Ci dam<\/em>, <em>Kocha\u0107 wiosn\u0105 to nie grzech<\/em>, <em>Ta\u0144czy\u0107 chc\u0119,<\/em> <em>To by\u0142 bal, Chc\u0119 by\u0107 dzisiaj tylko Twoja<\/em>.<\/p>\n\n\n\n<figure class=\"wp-block-image size-large\"><img loading=\"lazy\" decoding=\"async\" width=\"865\" height=\"768\" src=\"https:\/\/boxmusic.com.pl\/wp-content\/uploads\/2021\/03\/deta-Kopia.jpg\" alt=\"\" class=\"wp-image-65\" srcset=\"https:\/\/boxmusic.com.pl\/wp-content\/uploads\/2021\/03\/deta-Kopia.jpg 865w, https:\/\/boxmusic.com.pl\/wp-content\/uploads\/2021\/03\/deta-Kopia-300x266.jpg 300w, https:\/\/boxmusic.com.pl\/wp-content\/uploads\/2021\/03\/deta-Kopia-768x682.jpg 768w, https:\/\/boxmusic.com.pl\/wp-content\/uploads\/2021\/03\/deta-Kopia-24x21.jpg 24w, https:\/\/boxmusic.com.pl\/wp-content\/uploads\/2021\/03\/deta-Kopia-36x32.jpg 36w, https:\/\/boxmusic.com.pl\/wp-content\/uploads\/2021\/03\/deta-Kopia-48x43.jpg 48w\" sizes=\"auto, (max-width: 865px) 100vw, 865px\" \/><\/figure>\n\n\n\n<p>Najnowszy kr\u0105\u017cek Bernadety Kowalskiej i Przyjaci\u00f3\u0142 ukaza\u0142 &nbsp;si\u0119 nak\u0142adem Wydawnictwa Box Music wiosn\u0105 2017 roku. P\u0142yta zatytu\u0142owana W \u017cyciu jak w piosence utrzymana jest w zr\u00f3\u017cnicowanych klimatach muzycznych \u2013 znajdziemy na niej zar\u00f3wno szybkie taneczne kawa\u0142ki, jak te\u017c bardzo nastrojowe ballady, czy piosenki utrzymane w klimacie muzyki dawnych lat. Znajdziemy na niej takie hity, jak tytu\u0142owe <em>W \u017cyciu jak w piosence<\/em>, <em>Tamte chwile<\/em>, <em>Steven Jive<\/em>, <em>Pokocha\u0142am<\/em>, <em>On to ma<\/em>, <em>Cudowna melodia<\/em>.<\/p>\n","protected":false},"excerpt":{"rendered":"<p>Jedna z najpopularniejszych Wokalistek naszej Estrady. Od wielu lat mieszka w Miasteczku \u015al\u0105skim Na scenie muzycznej obecna ju\u017c od 2006 &hellip; <a href=\"https:\/\/boxmusic.com.pl\/index.php\/artysci\/bernadeta-kowalska-i-przyjaciele\/\" class=\"more-link\"><span class=\"more-button\">Czytaj dalej<span class=\"screen-reader-text\">Bernadeta Kowalska i Przyjaciele<\/span><\/span><\/a><\/p>\n","protected":false},"author":3,"featured_media":60,"parent":55,"menu_order":0,"comment_status":"closed","ping_status":"closed","template":"","meta":{"footnotes":""},"class_list":["post-80","page","type-page","status-publish","has-post-thumbnail","hentry"],"_links":{"self":[{"href":"https:\/\/boxmusic.com.pl\/index.php\/wp-json\/wp\/v2\/pages\/80","targetHints":{"allow":["GET"]}}],"collection":[{"href":"https:\/\/boxmusic.com.pl\/index.php\/wp-json\/wp\/v2\/pages"}],"about":[{"href":"https:\/\/boxmusic.com.pl\/index.php\/wp-json\/wp\/v2\/types\/page"}],"author":[{"embeddable":true,"href":"https:\/\/boxmusic.com.pl\/index.php\/wp-json\/wp\/v2\/users\/3"}],"replies":[{"embeddable":true,"href":"https:\/\/boxmusic.com.pl\/index.php\/wp-json\/wp\/v2\/comments?post=80"}],"version-history":[{"count":6,"href":"https:\/\/boxmusic.com.pl\/index.php\/wp-json\/wp\/v2\/pages\/80\/revisions"}],"predecessor-version":[{"id":519,"href":"https:\/\/boxmusic.com.pl\/index.php\/wp-json\/wp\/v2\/pages\/80\/revisions\/519"}],"up":[{"embeddable":true,"href":"https:\/\/boxmusic.com.pl\/index.php\/wp-json\/wp\/v2\/pages\/55"}],"wp:featuredmedia":[{"embeddable":true,"href":"https:\/\/boxmusic.com.pl\/index.php\/wp-json\/wp\/v2\/media\/60"}],"wp:attachment":[{"href":"https:\/\/boxmusic.com.pl\/index.php\/wp-json\/wp\/v2\/media?parent=80"}],"curies":[{"name":"wp","href":"https:\/\/api.w.org\/{rel}","templated":true}]}}